{"id":5943,"date":"2023-10-09T16:35:47","date_gmt":"2023-10-09T14:35:47","guid":{"rendered":"https:\/\/www.buechl-gruppe.de\/starting-6\/epitoipari-gepesz-tanonc-m-f-d\/"},"modified":"2023-10-09T16:35:47","modified_gmt":"2023-10-09T14:35:47","slug":"epitoipari-gepesz-tanonc-m-f-d","status":"publish","type":"starting-6","link":"https:\/\/www.buechl-gruppe.de\/hu\/starting-6\/epitoipari-gepesz-tanonc-m-f-d\/","title":{"rendered":"\u00c9p\u00edt\u0151ipari g\u00e9p\u00e9sz tanonc (m\/f\/d)"},"template":"","meta":{"ist-eine-starting-6-stelle":"true"},"class_list":["post-5943","starting-6","type-starting-6","status-publish","hentry"],"yoast_head":"<!-- This site is optimized with the Yoast SEO plugin v27.3 - https:\/\/yoast.com\/product\/yoast-seo-wordpress\/ -->\n<title>\u00c9p\u00edt\u0151ipari g\u00e9p\u00e9sz tanonc (m\/f\/d) - B\u00fcchl Gruppe<\/title>\n<meta name=\"description\" content=\"Csapatj\u00e1t\u00e9kos vagy, \u00e9s szeretn\u00e9l csatlakozni a csapathoz? Akkor t\u00e1mogass minket a terepen, \u00e9s csin\u00e1lj karriert vel\u00fcnk!\" \/>\n<meta name=\"robots\" content=\"index, follow, max-snippet:-1, max-image-preview:large, max-video-preview:-1\" \/>\n<link rel=\"canonical\" href=\"https:\/\/www.buechl-gruppe.de\/hu\/starting-6\/epitoipari-gepesz-tanonc-m-f-d\/\" \/>\n<meta property=\"og:locale\" content=\"hu_HU\" \/>\n<meta property=\"og:type\" content=\"article\" \/>\n<meta property=\"og:title\" content=\"\u00c9p\u00edt\u0151ipari g\u00e9p\u00e9sz tanonc (m\/f\/d) - B\u00fcchl Gruppe\" \/>\n<meta property=\"og:description\" content=\"Csapatj\u00e1t\u00e9kos vagy, \u00e9s szeretn\u00e9l csatlakozni a csapathoz? Akkor t\u00e1mogass minket a terepen, \u00e9s csin\u00e1lj karriert vel\u00fcnk!\" \/>\n<meta property=\"og:url\" content=\"https:\/\/www.buechl-gruppe.de\/hu\/starting-6\/epitoipari-gepesz-tanonc-m-f-d\/\" \/>\n<meta property=\"og:site_name\" content=\"B\u00fcchl Gruppe\" \/>\n<meta name=\"twitter:card\" content=\"summary_large_image\" \/>\n<script type=\"application\/ld+json\" class=\"yoast-schema-graph\">{\"@context\":\"https:\\\/\\\/schema.org\",\"@graph\":[{\"@type\":\"WebPage\",\"@id\":\"https:\\\/\\\/www.buechl-gruppe.de\\\/hu\\\/starting-6\\\/epitoipari-gepesz-tanonc-m-f-d\\\/\",\"url\":\"https:\\\/\\\/www.buechl-gruppe.de\\\/hu\\\/starting-6\\\/epitoipari-gepesz-tanonc-m-f-d\\\/\",\"name\":\"\u00c9p\u00edt\u0151ipari g\u00e9p\u00e9sz tanonc (m\\\/f\\\/d) - B\u00fcchl Gruppe\",\"isPartOf\":{\"@id\":\"https:\\\/\\\/www.buechl-gruppe.de\\\/#website\"},\"datePublished\":\"2023-10-09T14:35:47+00:00\",\"description\":\"Csapatj\u00e1t\u00e9kos vagy, \u00e9s szeretn\u00e9l csatlakozni a csapathoz? Akkor t\u00e1mogass minket a terepen, \u00e9s csin\u00e1lj karriert vel\u00fcnk!\",\"breadcrumb\":{\"@id\":\"https:\\\/\\\/www.buechl-gruppe.de\\\/hu\\\/starting-6\\\/epitoipari-gepesz-tanonc-m-f-d\\\/#breadcrumb\"},\"inLanguage\":\"hu\",\"potentialAction\":[{\"@type\":\"ReadAction\",\"target\":[\"https:\\\/\\\/www.buechl-gruppe.de\\\/hu\\\/starting-6\\\/epitoipari-gepesz-tanonc-m-f-d\\\/\"]}]},{\"@type\":\"BreadcrumbList\",\"@id\":\"https:\\\/\\\/www.buechl-gruppe.de\\\/hu\\\/starting-6\\\/epitoipari-gepesz-tanonc-m-f-d\\\/#breadcrumb\",\"itemListElement\":[{\"@type\":\"ListItem\",\"position\":1,\"name\":\"Startseite\",\"item\":\"https:\\\/\\\/www.buechl-gruppe.de\\\/\"},{\"@type\":\"ListItem\",\"position\":2,\"name\":\"Starting 6\",\"item\":\"https:\\\/\\\/www.buechl-gruppe.de\\\/hu\\\/starting-6\\\/\"},{\"@type\":\"ListItem\",\"position\":3,\"name\":\"\u00c9p\u00edt\u0151ipari g\u00e9p\u00e9sz tanonc (m\\\/f\\\/d)\"}]},{\"@type\":\"WebSite\",\"@id\":\"https:\\\/\\\/www.buechl-gruppe.de\\\/#website\",\"url\":\"https:\\\/\\\/www.buechl-gruppe.de\\\/\",\"name\":\"B\u00fcchl Gruppe\",\"description\":\"\",\"publisher\":{\"@id\":\"https:\\\/\\\/www.buechl-gruppe.de\\\/#organization\"},\"potentialAction\":[{\"@type\":\"SearchAction\",\"target\":{\"@type\":\"EntryPoint\",\"urlTemplate\":\"https:\\\/\\\/www.buechl-gruppe.de\\\/?s={search_term_string}\"},\"query-input\":{\"@type\":\"PropertyValueSpecification\",\"valueRequired\":true,\"valueName\":\"search_term_string\"}}],\"inLanguage\":\"hu\"},{\"@type\":\"Organization\",\"@id\":\"https:\\\/\\\/www.buechl-gruppe.de\\\/#organization\",\"name\":\"B\u00fcchl Gruppe\",\"url\":\"https:\\\/\\\/www.buechl-gruppe.de\\\/\",\"logo\":{\"@type\":\"ImageObject\",\"inLanguage\":\"hu\",\"@id\":\"https:\\\/\\\/www.buechl-gruppe.de\\\/#\\\/schema\\\/logo\\\/image\\\/\",\"url\":\"https:\\\/\\\/www.buechl-gruppe.de\\\/wp-content\\\/uploads\\\/2024\\\/09\\\/Logos-4-1.png\",\"contentUrl\":\"https:\\\/\\\/www.buechl-gruppe.de\\\/wp-content\\\/uploads\\\/2024\\\/09\\\/Logos-4-1.png\",\"width\":300,\"height\":98,\"caption\":\"B\u00fcchl Gruppe\"},\"image\":{\"@id\":\"https:\\\/\\\/www.buechl-gruppe.de\\\/#\\\/schema\\\/logo\\\/image\\\/\"}}]}<\/script>\n<!-- \/ Yoast SEO plugin. -->","yoast_head_json":{"title":"\u00c9p\u00edt\u0151ipari g\u00e9p\u00e9sz tanonc (m\/f\/d) - B\u00fcchl Gruppe","description":"Csapatj\u00e1t\u00e9kos vagy, \u00e9s szeretn\u00e9l csatlakozni a csapathoz? Akkor t\u00e1mogass minket a terepen, \u00e9s csin\u00e1lj karriert vel\u00fcnk!","robots":{"index":"index","follow":"follow","max-snippet":"max-snippet:-1","max-image-preview":"max-image-preview:large","max-video-preview":"max-video-preview:-1"},"canonical":"https:\/\/www.buechl-gruppe.de\/hu\/starting-6\/epitoipari-gepesz-tanonc-m-f-d\/","og_locale":"hu_HU","og_type":"article","og_title":"\u00c9p\u00edt\u0151ipari g\u00e9p\u00e9sz tanonc (m\/f\/d) - B\u00fcchl Gruppe","og_description":"Csapatj\u00e1t\u00e9kos vagy, \u00e9s szeretn\u00e9l csatlakozni a csapathoz? Akkor t\u00e1mogass minket a terepen, \u00e9s csin\u00e1lj karriert vel\u00fcnk!","og_url":"https:\/\/www.buechl-gruppe.de\/hu\/starting-6\/epitoipari-gepesz-tanonc-m-f-d\/","og_site_name":"B\u00fcchl Gruppe","twitter_card":"summary_large_image","schema":{"@context":"https:\/\/schema.org","@graph":[{"@type":"WebPage","@id":"https:\/\/www.buechl-gruppe.de\/hu\/starting-6\/epitoipari-gepesz-tanonc-m-f-d\/","url":"https:\/\/www.buechl-gruppe.de\/hu\/starting-6\/epitoipari-gepesz-tanonc-m-f-d\/","name":"\u00c9p\u00edt\u0151ipari g\u00e9p\u00e9sz tanonc (m\/f\/d) - B\u00fcchl Gruppe","isPartOf":{"@id":"https:\/\/www.buechl-gruppe.de\/#website"},"datePublished":"2023-10-09T14:35:47+00:00","description":"Csapatj\u00e1t\u00e9kos vagy, \u00e9s szeretn\u00e9l csatlakozni a csapathoz? Akkor t\u00e1mogass minket a terepen, \u00e9s csin\u00e1lj karriert vel\u00fcnk!","breadcrumb":{"@id":"https:\/\/www.buechl-gruppe.de\/hu\/starting-6\/epitoipari-gepesz-tanonc-m-f-d\/#breadcrumb"},"inLanguage":"hu","potentialAction":[{"@type":"ReadAction","target":["https:\/\/www.buechl-gruppe.de\/hu\/starting-6\/epitoipari-gepesz-tanonc-m-f-d\/"]}]},{"@type":"BreadcrumbList","@id":"https:\/\/www.buechl-gruppe.de\/hu\/starting-6\/epitoipari-gepesz-tanonc-m-f-d\/#breadcrumb","itemListElement":[{"@type":"ListItem","position":1,"name":"Startseite","item":"https:\/\/www.buechl-gruppe.de\/"},{"@type":"ListItem","position":2,"name":"Starting 6","item":"https:\/\/www.buechl-gruppe.de\/hu\/starting-6\/"},{"@type":"ListItem","position":3,"name":"\u00c9p\u00edt\u0151ipari g\u00e9p\u00e9sz tanonc (m\/f\/d)"}]},{"@type":"WebSite","@id":"https:\/\/www.buechl-gruppe.de\/#website","url":"https:\/\/www.buechl-gruppe.de\/","name":"B\u00fcchl Gruppe","description":"","publisher":{"@id":"https:\/\/www.buechl-gruppe.de\/#organization"},"potentialAction":[{"@type":"SearchAction","target":{"@type":"EntryPoint","urlTemplate":"https:\/\/www.buechl-gruppe.de\/?s={search_term_string}"},"query-input":{"@type":"PropertyValueSpecification","valueRequired":true,"valueName":"search_term_string"}}],"inLanguage":"hu"},{"@type":"Organization","@id":"https:\/\/www.buechl-gruppe.de\/#organization","name":"B\u00fcchl Gruppe","url":"https:\/\/www.buechl-gruppe.de\/","logo":{"@type":"ImageObject","inLanguage":"hu","@id":"https:\/\/www.buechl-gruppe.de\/#\/schema\/logo\/image\/","url":"https:\/\/www.buechl-gruppe.de\/wp-content\/uploads\/2024\/09\/Logos-4-1.png","contentUrl":"https:\/\/www.buechl-gruppe.de\/wp-content\/uploads\/2024\/09\/Logos-4-1.png","width":300,"height":98,"caption":"B\u00fcchl Gruppe"},"image":{"@id":"https:\/\/www.buechl-gruppe.de\/#\/schema\/logo\/image\/"}}]}},"_links":{"self":[{"href":"https:\/\/www.buechl-gruppe.de\/hu\/wp-json\/wp\/v2\/starting-6\/5943","targetHints":{"allow":["GET"]}}],"collection":[{"href":"https:\/\/www.buechl-gruppe.de\/hu\/wp-json\/wp\/v2\/starting-6"}],"about":[{"href":"https:\/\/www.buechl-gruppe.de\/hu\/wp-json\/wp\/v2\/types\/starting-6"}],"wp:attachment":[{"href":"https:\/\/www.buechl-gruppe.de\/hu\/wp-json\/wp\/v2\/media?parent=5943"}],"curies":[{"name":"wp","href":"https:\/\/api.w.org\/{rel}","templated":true}]}}

Építőipari gépész tanonc (m/f/d)

<!-- This site is optimized with the Yoast SEO plugin v27.3 - https://yoast.com/product/yoast-seo-wordpress/ -->
<title>Építőipari gépész tanonc (m/f/d) - Büchl Gruppe</title>
<meta name="description" content="Csapatjátékos vagy, és szeretnél csatlakozni a csapathoz? Akkor támogass minket a terepen, és csinálj karriert velünk!" />
<meta name="robots" content="index, follow, max-snippet:-1, max-image-preview:large, max-video-preview:-1" />
<link rel="canonical" href="https://www.buechl-gruppe.de/hu/starting-6/epitoipari-gepesz-tanonc-m-f-d/" />
<meta property="og:locale" content="hu_HU" />
<meta property="og:type" content="article" />
<meta property="og:title" content="Építőipari gépész tanonc (m/f/d) - Büchl Gruppe" />
<meta property="og:description" content="Csapatjátékos vagy, és szeretnél csatlakozni a csapathoz? Akkor támogass minket a terepen, és csinálj karriert velünk!" />
<meta property="og:url" content="https://www.buechl-gruppe.de/hu/starting-6/epitoipari-gepesz-tanonc-m-f-d/" />
<meta property="og:site_name" content="Büchl Gruppe" />
<meta name="twitter:card" content="summary_large_image" />
<script type="application/ld+json" class="yoast-schema-graph">{"@context":"https:\/\/schema.org","@graph":[{"@type":"WebPage","@id":"https:\/\/www.buechl-gruppe.de\/hu\/starting-6\/epitoipari-gepesz-tanonc-m-f-d\/","url":"https:\/\/www.buechl-gruppe.de\/hu\/starting-6\/epitoipari-gepesz-tanonc-m-f-d\/","name":"Építőipari gépész tanonc (m\/f\/d) - Büchl Gruppe","isPartOf":{"@id":"https:\/\/www.buechl-gruppe.de\/#website"},"datePublished":"2023-10-09T14:35:47+00:00","description":"Csapatjátékos vagy, és szeretnél csatlakozni a csapathoz? Akkor támogass minket a terepen, és csinálj karriert velünk!","breadcrumb":{"@id":"https:\/\/www.buechl-gruppe.de\/hu\/starting-6\/epitoipari-gepesz-tanonc-m-f-d\/#breadcrumb"},"inLanguage":"hu","potentialAction":[{"@type":"ReadAction","target":["https:\/\/www.buechl-gruppe.de\/hu\/starting-6\/epitoipari-gepesz-tanonc-m-f-d\/"]}]},{"@type":"BreadcrumbList","@id":"https:\/\/www.buechl-gruppe.de\/hu\/starting-6\/epitoipari-gepesz-tanonc-m-f-d\/#breadcrumb","itemListElement":[{"@type":"ListItem","position":1,"name":"Startseite","item":"https:\/\/www.buechl-gruppe.de\/"},{"@type":"ListItem","position":2,"name":"Starting 6","item":"https:\/\/www.buechl-gruppe.de\/hu\/starting-6\/"},{"@type":"ListItem","position":3,"name":"Építőipari gépész tanonc (m\/f\/d)"}]},{"@type":"WebSite","@id":"https:\/\/www.buechl-gruppe.de\/#website","url":"https:\/\/www.buechl-gruppe.de\/","name":"Büchl Gruppe","description":"","publisher":{"@id":"https:\/\/www.buechl-gruppe.de\/#organization"},"potentialAction":[{"@type":"SearchAction","target":{"@type":"EntryPoint","urlTemplate":"https:\/\/www.buechl-gruppe.de\/?s={search_term_string}"},"query-input":{"@type":"PropertyValueSpecification","valueRequired":true,"valueName":"search_term_string"}}],"inLanguage":"hu"},{"@type":"Organization","@id":"https:\/\/www.buechl-gruppe.de\/#organization","name":"Büchl Gruppe","url":"https:\/\/www.buechl-gruppe.de\/","logo":{"@type":"ImageObject","inLanguage":"hu","@id":"https:\/\/www.buechl-gruppe.de\/#\/schema\/logo\/image\/","url":"https:\/\/www.buechl-gruppe.de\/wp-content\/uploads\/2024\/09\/Logos-4-1.png","contentUrl":"https:\/\/www.buechl-gruppe.de\/wp-content\/uploads\/2024\/09\/Logos-4-1.png","width":300,"height":98,"caption":"Büchl Gruppe"},"image":{"@id":"https:\/\/www.buechl-gruppe.de\/#\/schema\/logo\/image\/"}}]}</script>
<!-- / Yoast SEO plugin. -->

Építőipari gépész tanonc (m/f/d) - Büchl Gruppe

Csapatjátékos vagy, és szeretnél csatlakozni a csapathoz? Akkor támogass minket a terepen, és csinálj karriert velünk!

Büchl Gruppe
